 - 108*p - 526. What is the thousands digit of j(-5)?
4
Suppose 3*z - 36 = -3*b, 0*b + 12 = 3*b. Suppose z = 2*o + 6*o. What is the units digit of 2266/66 - ((-2)/(-6))/o?
4
Let g = 5427 - -2731. What is the tens digit of g?
5
Suppose 50*r - 87245 = 105755. What is the tens digit of r?
6
Let i(b) = 6216*b + 9637. What is the thousands digit of i(5)?
0
Let d(s) = 6*s**2 - 52*s - 122. What is the units digit of d(-18)?
8
Let x be (-4*(-9)/48)/((-4)/(-16)). Suppose 3*a = 5*r - 288, -a + 4*a + 174 = x*r. What is the tens digit of r?
5
Let k(t) = 2*t**2 + 7*t - 4. Let z be k(4). Suppose z = -0*d + 14*d. Suppose d*r + 189 = 1065. What is the tens digit of r?
1
Let n(z) = -6*z - 62. Let s be n(7). Let x = 238 - s. What is the tens digit of x?
4
Let m(o) = 5*o**2 + 13*o + 278. What is the hundreds digit of m(-50)?
1
Let t = -2922 - -18797. What is the thousands digit of t?
5
Let k = 774 + -315. Let i = -154 + 148. What is the tens digit of k/i*(-8)/6?
0
Let w(h) = -6*h - 58. Let r be w(-22). Let s = -59 + r. Suppose s = -3*z, 2*z = -4*d + 6*z + 952. What is the hundreds digit of d?
2
Suppose 0 = 2*h + 3*r - 66, 29*h - 32*h + 61 = -5*r. What is the units digit of (-27)/h*(-795 + (0 - -2))?
3
Let x be 26817/15 - (-150)/125. Let i = x - 975. What is the tens digit of i?
1
Let t(h) = 3*h**2 - 14*h - 5. Let f = -119 + 132. What is the tens digit of t(f)?
2
Suppose -8*a = 3*a - 99. Let l(g) = 25*g + 34. What is the hundreds digit of l(a)?
2
Let i(l) = l**3 + 11*l**2 + 11. Let k be i(-11). Suppose 207 = k*q - 2*q. What is the tens digit of q?
2
Let f(g) be the second derivative of -g**5/20 + 5*g**4/3 - 32*g**3/3 - 11*g**2/2 + 226*g. What is the tens digit of f(13)?
4
What is the hundreds digit of (-6)/(-32)*(-2)/(-3) + 311196/32?
7
Suppose -937*v + 942*v = -5. Let m(o) = -1250*o**3 + 3*o**2 + 4*o + 2. What is the hundreds digit of m(v)?
2
Suppose 2*u - 3 = 7, 0 = -2*d - 2*u + 154. What is the tens digit of d/36*-2*(-193)/4?
9
Suppose 8*m - 5*s = 3*m - 5, 2*m = -3*s - 7. What is the units digit of 7 + -2 - 11 - 739*m?
2
Suppose -351 = -a + 2*r, -3*r - 564 = -2*a + 136. Let y = a - 73. What is the hundreds digit of y?
2
Let z be 0 + (1 - (-15)/3*1). Suppose 15 = z*u - 3*u - w, 5 = u - 4*w. Suppose r = 5*r + 4*a - 120, -3*r + u*a + 114 = 0. What is the units digit of r?
3
Let n(f) = 37*f + 438. What is the tens digit of n(14)?
5
Let a = -1117 - -1941. Let q be 0*(24/36)/((-4)/(-6)). Suppose q*u - a = -8*u. What is the hundreds digit of u?
1
Suppose -3*s = -4*s. Suppose -4*x - 8 = s, -3*h - 3*x = -8*x - 616. What is the hundreds digit of h?
2
Let r be (8 + -5 - 3) + 2. Suppose -4*t - 8*y + 9*y = -3580, -r*y + 3592 = 4*t. What is the units digit of t?
6
Suppose x + 2*x = 2*x. Suppose -2*n = -3*y + 6, 2*y + x*y + 12 = -4*n. Suppose y = -64*w + 61*w + 732. What is the tens digit of w?
4
What is the hundreds digit of (3/(-2))/((-121)/7222006)?
5
Let k(m) = 569*m - 5315. What is the hundreds digit of k(49)?
5
Let t be (-690)/(-24)*(2 - -6). What is the units digit of ((-206)/3)/(t/30 - 8)?
6
Let f(o) = -7*o - 24. Let k be f(-5). Let v = k + -8. What is the units digit of (v - 735/25)*10/(-3)?
8
Suppose 2*o + 2 = -f, 5 = -0*f + 5*f - 5*o. Let t be 4301/(-51) - (f - 1/3). Let x = t + 121. What is the units digit of x?
7
Let d = 25123 + -17646. What is the hundreds digit of d?
4
Suppose 95 = -4*s + 403. Let w = 9 + s. Let u = w + -84. What is the units digit of u?
2
Suppose 4*m + d + 5196 = 5*m, -m - d + 5196 = 0. What is the units digit of m?
6
Let q(g) = -19*g + 7. Let u be q(-2). Let t = u + -36. Suppose p - t = 88. What is the tens digit of p?
9
Suppose 4*z + u - 3782 = -u, 5*z + 2*u = 4730. Let n = 616 - z. Let h = -195 - n. What is the tens digit of h?
3
Let m = -68 + -224. Let n = m + 488. What is the hundreds digit of n?
1
Let x(w) = -1 - 3 + 16*w**2 + 3*w - w**3 - 33*w**2 + 24*w**2. What is the units digit of x(-8)?
2
Let n(v) = v**3 + 4*v**2 + 4*v + 17. Let k be n(-4). Let s(o) = 36*o**2 - 4. Let b(u) = u + 1. Let r(g) = k*s(g) + 4*b(g). What is the hundreds digit of r(-2)?
1
Let j = 24649 + -2493. What is the hundreds digit of j?
1
Let v(c) = -3*c + 34. Let r be v(10). Suppose -r*d + 1033 + 1407 = 0. What is the hundreds digit of d?
6
Let k(p) = 4*p + 2. Let r be k(5). Let a(c) = c**3 + 2*c**2 - 8*c - 15. Let w be a(4). Let o = w + r. What is the tens digit of o?
7
Let u = -9517 + 14074. What is the thousands digit of u?
4
Let k be ((-1330)/14)/(3/15). Let j = k + 1501. What is the units digit of j?
6
Let u(g) = g**3 + 10*g**2 + 3*g + 1943. What is the thousands digit of u(0)?
1
What is the units digit of 4/(-26) + 9/(819/485408)?
4
What is the thousands digit of 6/(-16) + (-8 - -3) + (-97853)/(-56)?
1
Let b(o) = 232*o - 188. What is the thousands digit of b(25)?
5
Suppose 998 + 1372 = -10*f. Let y = f - -1591. What is the tens digit of y?
5
Suppose -4*z + 0*p + 156534 = -3*p, -4*p + 39162 = z. What is the units digit of z?
8
Let u = 680 + 6. Suppose s + u = 8*s. Let h = s + -94. What is the units digit of h?
4
Suppose 18*h + 3 + 375 = 0. Let i(s) = s**2 - 11*s - 20. What is the hundreds digit of i(h)?
6
Let h = 133670 + -85372. What is the units digit of h?
8
What is the hundreds digit of 617984/85 - 14/35?
2
Let p = 25 - 25. Suppose p = -3*x + 4*m + 1, -4*m + 0 = 5*x - 23. Let b = 10 + x. What is the units digit of b?
3
Suppose 8803 = 2*l + 3*y, -85*l + 88*l - 3*y - 13182 = 0. What is the tens digit of l?
9
Suppose z + 2*b + 400 = 0, 2*z + 986 - 181 = b. Let w be (4/10)/(z/(-80) + -5). Suppose -2*j + 0*x + 14 = 4*x, j = x + w. What is the tens digit of j?
1
Suppose -1244 = -2*g - 5*a, 2*g - 4*a = 854 + 390. Let f = g - 437. What is the units digit of f?
5
Suppose 2*g + q - 1015 = 0, g - 269 - 255 = 5*q. Let i = -385 + g. What is the hundreds digit of i?
1
Let u(q) = q**2 - 6*q - 7. Let i be u(7). Suppose i = 4*z + 12, 5*m + z + 13 = 5*z. Let g(h) = -14*h - 15. What is the tens digit of g(m)?
5
Suppose 118*y + 2739 - 58620 - 39581 = 0. What is the hundreds digit of y?
8
Let l(u) = -2 - 4*u - 15*u**2 + 39*u**2 - 604*u**3 - 27*u**2. What is the hundreds digit of l(-1)?
6
Let g(n) = 9*n**2 - 23*n - 2. Let j(f) = 5*f - 29. Let v be j(7). Let b be g(v). Suppose -4*r + b = 4*q, r = -2*r - q + 132. What is the tens digit of r?
4
Let t(f) = -10 - 21 - 78*f - 2 - 32. What is the units digit of t(-13)?
9
Let x = -547 - -4066. What is the hundreds digit of x?
5
Let x(c) = c**2 - 16*c + 3. Let a be x(16). Suppose 2*t + 166 = -2*q, 3*t + 4*q = a*q - 255. Let o = 194 + t. What is the tens digit of o?
0
Let i = 820 + 9373. What is the hundreds digit of i?
1
Let c = 10111 + -2862. What is the tens digit of c?
4
What is the thousands digit of 3*(-7)/(-6)*(-56)/(-98) - -14614?
4
Suppose -3*x + 4 = 2*q, 2*q - 3 = 5*q. Suppose a - x*f + 133 = -18, -4*a + 2*f = 634. Let h = a + 458. What is the tens digit of h?
9
Let d be ((-1)/2 + 1)/((-3)/690). Let x be (1 + d/10)*4/(-6). Suppose -x*u + 243 = -4*u. What is the units digit of u?
1
Suppose 10*b + 30 = s + 8*b, -5*s = -2*b - 118. Let i be 2 + 40 + (-1 - -2). Suppose -s = -o + i. What is the tens digit of o?
6
Suppose 0 = 4*n + 2*u - 140, n = 2*u + 9 + 31. Suppose -36*a + 14*a + 220 = 0. Suppose a*q - n = q. What is the units digit of q?
4
Suppose -2*w + 4*x + 9210 = 0, 4*w + 10*x - 18436 = 14*x. What is the tens digit of w?
1
What is the tens digit of (1916/3 + -3)/((-9)/1485*-5)?
7
Suppose 3*d + 366 = -87. Let n = d + 86. Let k = n - -163. What is the tens digit of k?
9
Let r be 754/(-2) + 2*39/(-13). Let s = r - -1314. What is the hundreds digit of s?
9
Suppose 0 = w + y - 1385 - 27474, -144307 = -5*w - 2*y. What is the hundreds digit of w?
8
Suppose -15 = 5*c, 4693 = -3*s - s - 3*c. Let j = s + 1951. What is the hundreds digit of j?
7
Let u = 13203 - -55410. What is the units digit of u?
3
Let m(u) = u**3 + 16*u**2 + 17*u + 23. Let b(c) = -c**2 - 16*c - 27. Let a be b(-15). What is the units digit of m(a)?
5
Let s = 64 - 59. Suppose 9*d + 4*l = 6*d + 611, 0 = s*d - 2*l - 1053. What is the tens digit of d?
0
Suppose 0 = -116*y + 490673 + 228991. What is the units digit of y?
4
Suppose -10*d = 17 + 63. Let r(o) = 6*o - 14. Let l be r(d). Let i = l + 66. What is the units digit of i?
4
Suppose -54*r + 144775 = -51*r + 2*y, 5